)/(-6). Let t be j(p). What are the prime factors of (0 + (-3)/t)*-6?
3
Let q(c) = -4*c. Let w = -9 - -8. List the prime factors of q(w).
2
Let d = -19 - -33. Suppose b = -c + 9, -b + 4*c + 0*c + d = 0. What are the prime factors of b?
2, 5
Let u be (-407)/(-2) + (-1)/2. Let y be 1/2 - u/(-14). What are the prime factors of (-6)/(6/y*-1)?
3, 5
Suppose 10 = s + 2*b, s - 5*s - 3*b + 25 = 0. Suppose s = 3*u + 1, 0 = -d + 2*u + 63. List the prime factors of (-48)/(-26) - (-10)/d.
2
Suppose 115 = 3*k + 16. What are the prime factors of k?
3, 11
Let l = 0 - 0. Suppose 5*s + 3*r = 4*r + 49, l = -4*s - r + 41. What are the prime factors of s?
2, 5
Let w(u) = 28*u + 1. What are the prime factors of w(1)?
29
What are the prime factors of (9/6)/(12/1376)?
2, 43
Suppose 0 = 7*w + 374 - 1956. What are the prime factors of w?
2, 113
Let g(a) = a**2 - 12*a - 3. Suppose 0 = c + c - 28. What are the prime factors of g(c)?
5
Let n = 40 - -58. List the prime factors of n.
2, 7
Suppose 0 = -2*n + 3*n + 5. Let w(s) = s + 11. Let i be w(n). Let j(m) = m - 3. What are the prime factors of j(i)?
3
Let w(g) be the first derivative of -7*g**2/2 + 11*g + 1. What are the prime factors of w(-5)?
2, 23
Suppose -o + 8 = 3*o. Suppose f + 5 = 4*f + o*t, -4*f + 15 = t. Let g = f - 2. List the prime factors of g.
3
Let d = 222 + -101. List the prime factors of d.
11
Let o be (-18)/4*70/(-15). Suppose -3*h - i - 6 + 20 = 0, 5*h + 4*i - o = 0. Let k = h + -1. What are the prime factors of k?
2
Let n(q) = -12*q**3 - q**2. List the prime factors of n(-1).
11
Suppose 13*l - 6*l - 574 = 0. What are the prime factors of l?
2, 41
Let f = -77 + 122. List the prime factors of f.
3, 5
Let o(r) be the second derivative of r**3/2 + 7*r**2/2 - 3*r. List the prime factors of o(5).
2, 11
Let l be ((-60)/9)/((-6)/(-27)). Let s = -9 - l. List the prime factors of s.
3, 7
Let o be (-25)/(-4) - 3/12. Let s = 14 - o. List the prime factors of s.
2
Let q(m) = m**2 - 7*m + 4. Let n be q(7). Suppose 2*l + 5*a - n - 14 = 0, -20 = -3*l - 4*a. List the prime factors of l.
2
Suppose 3*w - 3 = -15. Let f(m) = m**3 + 3*m**2 - 4*m + 2. List the prime factors of f(w).
2
Let r = -97 - -197. List the prime factors of r.
2, 5
Let t = -178 + 377. List the prime factors of t.
199
Suppose 5*i - 44 = -4*n + 58, 5*i - 46 = -2*n. What are the prime factors of n - (-4 + (-3)/(-3))?
31
Suppose -6 = -2*y - 2*n, -3*y = -0*y - 4*n - 9. Suppose -7 = -y*u + 17. List the prime factors of u.
2
Let w = 3 - 0. What are the prime factors of 72/30*20/w?
2
What are the prime factors of 2*1*(-8)/(-4)?
2
Suppose 5*i - 108 = -4*m, -5*i - 5*m + 82 + 28 = 0. Suppose -2*p = 2*p - i. List the prime factors of p.
5
Suppose 2*n + m = 3*m - 232, 4*n + 462 = 3*m. Let v be n/(-7) - (-16)/(-56). Suppose 2*h - v = 20. What are the prime factors of h?
2, 3
Suppose 2*t - 2 = k + t, -4*k - 2*t = -22. Suppose j = -4*g + 52, -2*g - 122 = -k*j + 3*g. List the prime factors of j.
2, 11
Let s(g) = -g + 10. Let a be (-42)/2*1/(-3). What are the prime factors of s(a)?
3
Let z(r) = -r**3 + 10*r**2 + 14*r - 2. List the prime factors of z(11).
31
Let u = 24 + 5. List the prime factors of u.
29
What are the prime factors of (3 + 2)*1*74/10?
37
Let u(z) be the first derivative of z**3/3 + 7*z**2 + 17*z - 2. List the prime factors of u(-13).
2
Let m be -1 - 1 - (10 - 4). Let b = m - -7. What are the prime factors of 1*(0 + b) + 3?
2
Let y(t) = 13*t**2 + 2*t - 1. List the prime factors of y(1).
2, 7
Let a be (-9)/(-3)*(-14)/(-6). Let w = -5 + a. Suppose -2*d + 0 = w*l - 6, 5*d - 4*l = 42. What are the prime factors of d?
2, 3
Suppose -7 - 297 = -4*m. What are the prime factors of m?
2, 19
Suppose 3*x - 8*x + 35 = 0. What are the prime factors of 97/7 + 1/x?
2, 7
Let c(l) = 11*l - 24. What are the prime factors of c(8)?
2
List the prime factors of (-22)/((1/(-5))/(8/10)).
2, 11
Suppose -39 = -5*c - 8*c. List the prime factors of c.
3
Suppose -a = -0*a - 3. Suppose 0 = -2*m + 3*k + 18, 2*m - 45 = -a*m - 2*k. List the prime factors of m.
3
Suppose 4*i + 3*o - 108 = 0, -i + 5*i + 2*o = 108. Let l be ((-24)/30)/((-2)/5). Suppose -l*n = n - i. What are the prime factors of n?
3
Let w be 21*(-2 - (-1 + 0)). Let q = w + 37. Suppose -3*v - 3*x = -2*v - 20, 0 = -4*v + 4*x + q. What are the prime factors of v?
2
Let a = 121 + -29. What are the prime factors of a?
2, 23
Let u be -1*(-9)/(-6)*-10. Suppose u = 5*a - 2*a. What are the prime factors of a?
5
Suppose -2*t + 3*v + 22 = 0, 3*v = v - 4. Let q = t + 2. List the prime factors of q.
2, 5
Suppose 5*c + 3*t = 258, 5*c + 8*t = 3*t + 260. What are the prime factors of c?
3, 17
Suppose u - 51 - 5 = 0. List the prime factors of u.
2, 7
Let j(n) = 2*n - 11. Let r be j(9). Suppose 2*i = -4*h + 136, -i - 130 = -r*h + 3*h. What are the prime factors of h?
3, 11
Let n(q) = 6*q**3 + q**2. Let u be n(1). Let w = u - 0. What are the prime factors of w?
7
Let g be (-6*12/9)/1. Let u(x) = -x**3 - 9*x**2 - 9*x + 3. List the prime factors of u(g).
11
Let c(v) = 5*v + 13. What are the prime factors of c(11)?
2, 17
Suppose 0 = -2*r + 3*k + 32 + 33, 0 = -5*r + k + 195. List the prime factors of r.
2, 5
Let w(n) = n**3 + 10*n**2 + 6*n - 8. What are the prime factors of w(-9)?
19
Let t be (3 + -2)/((-2)/(-4)). Suppose -12 = h - t*h. List the prime factors of h.
2, 3
Let d be -3 + 1 + 1 + 3. Let v(a) = a**3 - a**2 - 2*a + 3. Let g be v(d). Suppose -2*t - 12 = -3*t + g*y, -t + 4*y = -13. What are the prime factors of t?
3
Let n(w) = w**3 + w**2 + 3*w + 15. What are the prime factors of n(0)?
3, 5
Suppose 2*h = -5*v + 174, -109 = 5*h - 2*v - 515. Suppose 2*t = 4*t - h. List the prime factors of t.
41
Let d = 148 - 88. What are the prime factors of d?
2, 3, 5
Let j(z) = -5*z**3 - 2*z**2 + 2*z. What are the prime factors of j(-2)?
2, 7
Let q = 16 + -11. Let n(h) = -h + 5. Let t be n(q). What are the prime factors of (-1 + t - -2) + 1?
2
Let v(i) = 17*i**2 + 1. Let p be v(1). Suppose -h - 4 + p = 0. What are the prime factors of h?
2, 7
Suppose -4*h + 6 = -14. What are the prime factors of 37 + -3 + h - -1?
2, 5
Suppose 3*j + 10 + 6 = m, j = 0. List the prime factors of m.
2
Let p be (-118)/(-5) + (-4)/(-10). Let u = p - 8. What are the prime factors of u?
2
Let m(o) = o**2 + 3*o - 9. What are the prime factors of m(-7)?
19
Let g(i) be the third derivative of -1/12*i**5 + 1/120*i**6 - 1/4*i**4 + i**2 + 5/6*i**3 + 0 + 0*i. List the prime factors of g(6).
5
Suppose -4*w - 100 = -5*y, -2*y + y + 4*w = -36. What are the prime factors of y?
2
Let q(w) = -w**2 + 9. Let k(j) = -j**2 - 4*j. Let v be k(-4). List the prime factors of q(v).
3
Suppose -7*l = -6*l - 41. List the prime factors of l.
41
List the prime factors of (-1 - (-2 + 6))*(-17 + 6).
5, 11
Let p = 93 - 37. What are the prime factors of p?
2, 7
Let s(m) = -m**2 - 4*m. Let d be s(-3). Suppose d*q = 3*y + 60, 17 + 47 = 5*q + 4*y. Suppose q = -5*w + 3*n + 96, 3*w - 49 = 2*n. List the prime factors of w.
13
Let l be 3/6 - (-234)/4. Suppose 4*i = 21 + l. What are the prime factors of i?
2, 5
Let t(m) = -m**3 - 3*m**2 - 3*m - 3. Let c be t(-3). Suppose -c*w + 50 = -w. What are the prime factors of w?
2, 5
List the prime factors of 26057/71 - (-2)/4*0.
367
Suppose -50 - 6 = -4*r. Suppose -2*j - r = 4*i - 48, -8 = -2*i + 2*j. List the prime factors of i.
7
Let u = 0 + 0. Suppose u = z - 3. What are the prime factors of z?
3
Suppose 5*n - 22 - 138 = 0. What are the prime factors of n?
2
Let l(i) = i**3 - 2*i**2 + 5*i + 4. Let u be l(4). Suppose 0*w - u = -2*w. What are the prime factors of w?
2, 7
Suppose 4*f - 136 = -4*o - 32, -3*f = 5*o - 88. List the prime factors of f.
3, 7
Suppose f = n + 3*f + 1, 10 = -2*f. Suppose -y = -n - 8. What are the prime factors of y?
17
Let g be 178/14 - 6/(-21). Suppose l + 2*m = 7, l = -2*l - 4*m + 17. Suppose 3*p = l*i + g + 17, -4*i + 50 = 5*p. List the prime factors of p.
2, 5
Let k = -62 + 122. Let l be ((-6)/(-9))/(8/k). Suppose 5*m + g - 5*g = 72, 3*g + 74 = l*m. List the prime factors of m.
2
Suppose -4*s = -482 - 450. List the prime factors of s.
233
List the prime factors of 9/(-2)*-16 - -3.
3, 5
Let d(m) = -m**3 - 13*m**2 - 3*m + 12. Let x be d(-13). Suppose 5*l - x = -5*v + 24, 0 = l + 5*v - 15. What are the prime factors of l?
3, 5
Let k = 72 - 42. 